{"id":266,"date":"2025-12-08T16:57:57","date_gmt":"2025-12-08T16:57:57","guid":{"rendered":"https:\/\/firedrill.es\/?post_type=product&#038;p=266"},"modified":"2026-04-17T18:50:34","modified_gmt":"2026-04-17T18:50:34","slug":"our-first-secondary-word-20232024","status":"publish","type":"product","link":"https:\/\/firedrill.es\/?product=our-first-secondary-word-20232024","title":{"rendered":"Our first secondary word 2023*2024"},"content":{"rendered":"<p class=\"p1\">El artbook <em>Our first secondary word 2023*2024<\/em> recorre el proceso creativo del concept art, atravesando paisajes dist\u00f3picos bajo los efectos de la tecnolog\u00eda<br \/>\ny universos on\u00edricos tejidos con mitos y emociones.<\/p>\n<p class=\"p1\">Proyectos de shooters en primera persona de est\u00e9tica cyberpunk, cuentos infantiles con prop\u00f3sito educativo, epopeyas animadas o c\u00f3mics que reinventan mitos cl\u00e1sicos con mirada cr\u00edtica.<\/p>\n<p class=\"p1\">Un viaje hacia lo posible, lo fant\u00e1stico o lo inquietantemente cercano, donde imaginar historias, dise\u00f1ar sociedades, criaturas, mitolog\u00edas y conflictos profundamente humanos, explorar las ruinas tecnol\u00f3gicas del futuro o reinterpretar el folclore ancestral.<\/p>\n<p>Proyectos de Paula Amor Santamaria, Pepe Aznar Fornet, Xavier Camps M\u00e1\u00f1ez, Victoria Carmona Garc\u00eda, Monica Maria Cases Iranzo, Mar Cases L\u00f3pez, Jana Gemma Cazalla De Roque, Raquel Fern\u00e1ndez Miguel, Roc\u00edo Fern\u00e1ndez S\u00e1nchez, Mar\u00eda Fuentes Torrecilla, Daniel Gavara Casado, Sabrina Hartford Gonz\u00e1lez, Luc\u00eda Herreros Mart\u00ed, Mario Izquierdo Pujante, Julia Latusek, Roc\u00edo L\u00f3pez Ortega, Jos\u00e9 Lorenzo Molina Flores, Sandra Montalt Delgado, Angelo Mora Albarran, Luc\u00eda Nadal Gonz\u00e1lez, Alba Oliver Mart\u00ednez, Ana Paredes Borrachero, Debora Giovanna Patr\u00f3n, Claudia Marta Pozo Garc\u00eda, \u00c1ngela R\u00edsquez Rodr\u00edguez, Llanos Ru\u00edz Mart\u00ednez, Martina Russomando Iribarren, \u00darsule Sanz Chiralt, Sandra Serrano Isaac, Santiago Sorribes Llorca, Marta Steffen Gil y Ana Vera L\u00f3pez.<\/p>\n","protected":false},"excerpt":{"rendered":"<p>Our first secondary word 2023*2024<br \/>\nISBN: <span class=\"s1\">978-84-124595-3-1<br \/>\nFormato 21 x 30 cm<br \/>\n<\/span>100 p\u00e1ginas<br \/>\nTapas duras<\/p>\n","protected":false},"featured_media":267,"comment_status":"open","ping_status":"closed","template":"","meta":[],"product_brand":[],"product_cat":[37],"product_tag":[],"class_list":{"0":"post-266","1":"product","2":"type-product","3":"status-publish","4":"has-post-thumbnail","6":"product_cat-artbook","8":"first","9":"instock","10":"shipping-taxable","11":"purchasable","12":"product-type-simple"},"_links":{"self":[{"href":"https:\/\/firedrill.es\/index.php?rest_route=\/wp\/v2\/product\/266","targetHints":{"allow":["GET"]}}],"collection":[{"href":"https:\/\/firedrill.es\/index.php?rest_route=\/wp\/v2\/product"}],"about":[{"href":"https:\/\/firedrill.es\/index.php?rest_route=\/wp\/v2\/types\/product"}],"replies":[{"embeddable":true,"href":"https:\/\/firedrill.es\/index.php?rest_route=%2Fwp%2Fv2%2Fcomments&post=266"}],"wp:featuredmedia":[{"embeddable":true,"href":"https:\/\/firedrill.es\/index.php?rest_route=\/wp\/v2\/media\/267"}],"wp:attachment":[{"href":"https:\/\/firedrill.es\/index.php?rest_route=%2Fwp%2Fv2%2Fmedia&parent=266"}],"wp:term":[{"taxonomy":"product_brand","embeddable":true,"href":"https:\/\/firedrill.es\/index.php?rest_route=%2Fwp%2Fv2%2Fproduct_brand&post=266"},{"taxonomy":"product_cat","embeddable":true,"href":"https:\/\/firedrill.es\/index.php?rest_route=%2Fwp%2Fv2%2Fproduct_cat&post=266"},{"taxonomy":"product_tag","embeddable":true,"href":"https:\/\/firedrill.es\/index.php?rest_route=%2Fwp%2Fv2%2Fproduct_tag&post=266"}],"curies":[{"name":"wp","href":"https:\/\/api.w.org\/{rel}","templated":true}]}}