{"id":155,"date":"2025-08-31T16:02:27","date_gmt":"2025-08-31T16:02:27","guid":{"rendered":"https:\/\/firedrill.es\/?post_type=product&#038;p=155"},"modified":"2026-04-04T02:37:57","modified_gmt":"2026-04-04T02:37:57","slug":"el-tiempo-vencido-2a-edicion","status":"publish","type":"product","link":"https:\/\/firedrill.es\/?product=el-tiempo-vencido-2a-edicion","title":{"rendered":"El tiempo vencido (2\u00aa edici\u00f3n)"},"content":{"rendered":"<p>Segunda edici\u00f3n actualizada del libro donde a\u00f1adimos un ep\u00edlogo de 2018 que contiene nuevas interpretaciones del tema original. El modo de entender el cuadro como un artefacto cargado de sentido se hace patente en esta publicaci\u00f3n. Junto a su obra El Tiempo vencido (2017) y a los documentos que han formado parte del proceso de su gestaci\u00f3n. Jaime Aledo recupera en su obra valores de \u00edndole conceptual de la tradici\u00f3n pict\u00f3rica olvidados por la modernidad, convirtiendo cada uno de sus cuadro en un acontecimiento minuciosamente tramado, pintado con una intenci\u00f3n muy precisa, recuperando la complejidad conceptual de la pintura.<\/p>\n","protected":false},"excerpt":{"rendered":"<p>Segunda edici\u00f3n actualizada del libro donde a\u00f1adimos un ep\u00edlogo de 2018 que contiene nuevas interpretaciones del tema original. El modo de entender el cuadro como un artefacto cargado de sentido se hace patente en esta publicaci\u00f3n. Junto a su obra El Tiempo vencido (2017) y a los documentos que han formado parte del proceso de [&hellip;]<\/p>\n","protected":false},"featured_media":157,"comment_status":"open","ping_status":"closed","template":"","meta":[],"product_brand":[],"product_cat":[15],"product_tag":[],"class_list":{"0":"post-155","1":"product","2":"type-product","3":"status-publish","4":"has-post-thumbnail","6":"product_cat-sin-categorizar","8":"first","9":"instock","10":"shipping-taxable","11":"purchasable","12":"product-type-simple"},"_links":{"self":[{"href":"https:\/\/firedrill.es\/index.php?rest_route=\/wp\/v2\/product\/155","targetHints":{"allow":["GET"]}}],"collection":[{"href":"https:\/\/firedrill.es\/index.php?rest_route=\/wp\/v2\/product"}],"about":[{"href":"https:\/\/firedrill.es\/index.php?rest_route=\/wp\/v2\/types\/product"}],"replies":[{"embeddable":true,"href":"https:\/\/firedrill.es\/index.php?rest_route=%2Fwp%2Fv2%2Fcomments&post=155"}],"wp:featuredmedia":[{"embeddable":true,"href":"https:\/\/firedrill.es\/index.php?rest_route=\/wp\/v2\/media\/157"}],"wp:attachment":[{"href":"https:\/\/firedrill.es\/index.php?rest_route=%2Fwp%2Fv2%2Fmedia&parent=155"}],"wp:term":[{"taxonomy":"product_brand","embeddable":true,"href":"https:\/\/firedrill.es\/index.php?rest_route=%2Fwp%2Fv2%2Fproduct_brand&post=155"},{"taxonomy":"product_cat","embeddable":true,"href":"https:\/\/firedrill.es\/index.php?rest_route=%2Fwp%2Fv2%2Fproduct_cat&post=155"},{"taxonomy":"product_tag","embeddable":true,"href":"https:\/\/firedrill.es\/index.php?rest_route=%2Fwp%2Fv2%2Fproduct_tag&post=155"}],"curies":[{"name":"wp","href":"https:\/\/api.w.org\/{rel}","templated":true}]}}